{"id":132032,"date":"2026-02-06T09:38:26","date_gmt":"2026-02-06T09:38:26","guid":{"rendered":"https:\/\/immo-time.be\/home-details\/4520-fr\/"},"modified":"2026-02-06T09:38:32","modified_gmt":"2026-02-06T09:38:32","slug":"4520-fr","status":"publish","type":"home-details","link":"https:\/\/immo-time.be\/fr\/home-details\/4520-fr\/","title":{"rendered":"Appt 2-chambres meubl\u00e9 au 2i\u00e8me \u00e9tage dans le coeur de Bxl!"},"content":{"rendered":"","protected":false},"featured_media":132022,"template":"","listing-status":[],"location":[],"property-type":[],"class_list":["post-132032","home-details","type-home-details","status-publish","has-post-thumbnail","hentry"],"acf":[],"_links":{"self":[{"href":"https:\/\/immo-time.be\/fr\/wp-json\/wp\/v2\/home-details\/132032","targetHints":{"allow":["GET"]}}],"collection":[{"href":"https:\/\/immo-time.be\/fr\/wp-json\/wp\/v2\/home-details"}],"about":[{"href":"https:\/\/immo-time.be\/fr\/wp-json\/wp\/v2\/types\/home-details"}],"wp:featuredmedia":[{"embeddable":true,"href":"https:\/\/immo-time.be\/fr\/wp-json\/wp\/v2\/media\/132022"}],"wp:attachment":[{"href":"https:\/\/immo-time.be\/fr\/wp-json\/wp\/v2\/media?parent=132032"}],"wp:term":[{"taxonomy":"listing-status","embeddable":true,"href":"https:\/\/immo-time.be\/fr\/wp-json\/wp\/v2\/listing-status?post=132032"},{"taxonomy":"location","embeddable":true,"href":"https:\/\/immo-time.be\/fr\/wp-json\/wp\/v2\/location?post=132032"},{"taxonomy":"property-type","embeddable":true,"href":"https:\/\/immo-time.be\/fr\/wp-json\/wp\/v2\/property-type?post=132032"}],"curies":[{"name":"wp","href":"https:\/\/api.w.org\/{rel}","templated":true}]}}

Appt 2-chambres meublé au 2ième étage dans le coeur de Bxl!
